{"id":18,"date":"2024-03-18T21:52:39","date_gmt":"2024-03-18T21:52:39","guid":{"rendered":"https:\/\/myjdotaciones.com\/?page_id=18"},"modified":"2024-03-20T20:30:35","modified_gmt":"2024-03-20T20:30:35","slug":"servicios","status":"publish","type":"page","link":"https:\/\/myjdotaciones.com\/index.php\/servicios\/","title":{"rendered":"Servicios"},"content":{"rendered":"\t\t<div data-elementor-type=\"wp-page\" data-elementor-id=\"18\" class=\"elementor elementor-18\">\n\t\t\t\t<div class=\"elementor-element elementor-element-71aed0f e-flex e-con-boxed e-con e-parent\" data-id=\"71aed0f\" data-element_type=\"container\" data-core-v316-plus=\"true\">\n\t\t\t\t\t<div class=\"e-con-inner\">\n\t\t<div class=\"elementor-element elementor-element-403d99c e-con-full e-flex e-con e-child\" data-id=\"403d99c\" data-element_type=\"container\">\n\t\t\t\t<div class=\"elementor-element elementor-element-e44c9e3 elementor-position-top elementor-widget elementor-widget-image-box\" data-id=\"e44c9e3\" data-element_type=\"widget\" data-widget_type=\"image-box.default\">\n\t\t\t\t<div class=\"elementor-widget-container\">\n\t\t\t<style>\/*! elementor - v3.20.0 - 13-03-2024 *\/\n.elementor-widget-image-box .elementor-image-box-content{width:100%}@media (min-width:768px){.elementor-widget-image-box.elementor-position-left .elementor-image-box-wrapper,.elementor-widget-image-box.elementor-position-right .elementor-image-box-wrapper{display:flex}.elementor-widget-image-box.elementor-position-right .elementor-image-box-wrapper{text-align:right;flex-direction:row-reverse}.elementor-widget-image-box.elementor-position-left .elementor-image-box-wrapper{text-align:left;flex-direction:row}.elementor-widget-image-box.elementor-position-top .elementor-image-box-img{margin:auto}.elementor-widget-image-box.elementor-vertical-align-top .elementor-image-box-wrapper{align-items:flex-start}.elementor-widget-image-box.elementor-vertical-align-middle .elementor-image-box-wrapper{align-items:center}.elementor-widget-image-box.elementor-vertical-align-bottom .elementor-image-box-wrapper{align-items:flex-end}}@media (max-width:767px){.elementor-widget-image-box .elementor-image-box-img{margin-left:auto!important;margin-right:auto!important;margin-bottom:15px}}.elementor-widget-image-box .elementor-image-box-img{display:inline-block}.elementor-widget-image-box .elementor-image-box-title a{color:inherit}.elementor-widget-image-box .elementor-image-box-wrapper{text-align:center}.elementor-widget-image-box .elementor-image-box-description{margin:0}<\/style><div class=\"elementor-image-box-wrapper\"><figure class=\"elementor-image-box-img\"><img fetchpriority=\"high\" decoding=\"async\" width=\"1280\" height=\"800\" src=\"https:\/\/myjdotaciones.com\/wp-content\/uploads\/2024\/03\/Prototipo-web-MYJ-2.png\" class=\"attachment-full size-full wp-image-168\" alt=\"\" srcset=\"https:\/\/myjdotaciones.com\/wp-content\/uploads\/2024\/03\/Prototipo-web-MYJ-2.png 1280w, https:\/\/myjdotaciones.com\/wp-content\/uploads\/2024\/03\/Prototipo-web-MYJ-2-300x188.png 300w, https:\/\/myjdotaciones.com\/wp-content\/uploads\/2024\/03\/Prototipo-web-MYJ-2-1024x640.png 1024w\" sizes=\"(max-width: 1280px) 100vw, 1280px\" \/><\/figure><div class=\"elementor-image-box-content\"><h3 class=\"elementor-image-box-title\">Suministros de aseo<\/h3><p class=\"elementor-image-box-description\">Lorem fistrum por la gloria de mi madre esse jarl aliqua llevame al sircoo. De la pradera ullamco qu\u00e9 dise usteer est\u00e1 la cosa muy malar.<\/p><\/div><\/div>\t\t<\/div>\n\t\t\t\t<\/div>\n\t\t\t\t<\/div>\n\t\t<div class=\"elementor-element elementor-element-157f924 e-con-full e-flex e-con e-child\" data-id=\"157f924\" data-element_type=\"container\">\n\t\t\t\t<div class=\"elementor-element elementor-element-4e49c1b elementor-position-top elementor-widget elementor-widget-image-box\" data-id=\"4e49c1b\" data-element_type=\"widget\" data-widget_type=\"image-box.default\">\n\t\t\t\t<div class=\"elementor-widget-container\">\n\t\t\t<div class=\"elementor-image-box-wrapper\"><figure class=\"elementor-image-box-img\"><img decoding=\"async\" width=\"1280\" height=\"800\" src=\"https:\/\/myjdotaciones.com\/wp-content\/uploads\/2024\/03\/Prototipo-web-MYJ-3-1.png\" class=\"attachment-full size-full wp-image-172\" alt=\"\" srcset=\"https:\/\/myjdotaciones.com\/wp-content\/uploads\/2024\/03\/Prototipo-web-MYJ-3-1.png 1280w, https:\/\/myjdotaciones.com\/wp-content\/uploads\/2024\/03\/Prototipo-web-MYJ-3-1-300x188.png 300w, https:\/\/myjdotaciones.com\/wp-content\/uploads\/2024\/03\/Prototipo-web-MYJ-3-1-1024x640.png 1024w\" sizes=\"(max-width: 1280px) 100vw, 1280px\" \/><\/figure><div class=\"elementor-image-box-content\"><h3 class=\"elementor-image-box-title\">Seguridad Industrial<\/h3><p class=\"elementor-image-box-description\">Protege a tu equipo con nuestra amplia\nselecci\u00f3n de equipos y prendas de\nseguridad certificados para garantizar\nun entorno laboral seguro y protegido.<\/p><\/div><\/div>\t\t<\/div>\n\t\t\t\t<\/div>\n\t\t\t\t<\/div>\n\t\t\t\t\t<\/div>\n\t\t\t\t<\/div>\n\t\t<div class=\"elementor-element elementor-element-cbd2e04 e-flex e-con-boxed e-con e-parent\" data-id=\"cbd2e04\" data-element_type=\"container\" data-core-v316-plus=\"true\">\n\t\t\t\t\t<div class=\"e-con-inner\">\n\t\t\t\t<div class=\"elementor-element elementor-element-2396b1b elementor-widget elementor-widget-spacer\" data-id=\"2396b1b\" data-element_type=\"widget\" data-widget_type=\"spacer.default\">\n\t\t\t\t<div class=\"elementor-widget-container\">\n\t\t\t<style>\/*! elementor - v3.20.0 - 13-03-2024 *\/\n.elementor-column .elementor-spacer-inner{height:var(--spacer-size)}.e-con{--container-widget-width:100%}.e-con-inner>.elementor-widget-spacer,.e-con>.elementor-widget-spacer{width:var(--container-widget-width,var(--spacer-size));--align-self:var(--container-widget-align-self,initial);--flex-shrink:0}.e-con-inner>.elementor-widget-spacer>.elementor-widget-container,.e-con>.elementor-widget-spacer>.elementor-widget-container{height:100%;width:100%}.e-con-inner>.elementor-widget-spacer>.elementor-widget-container>.elementor-spacer,.e-con>.elementor-widget-spacer>.elementor-widget-container>.elementor-spacer{height:100%}.e-con-inner>.elementor-widget-spacer>.elementor-widget-container>.elementor-spacer>.elementor-spacer-inner,.e-con>.elementor-widget-spacer>.elementor-widget-container>.elementor-spacer>.elementor-spacer-inner{height:var(--container-widget-height,var(--spacer-size))}.e-con-inner>.elementor-widget-spacer.elementor-widget-empty,.e-con>.elementor-widget-spacer.elementor-widget-empty{position:relative;min-height:22px;min-width:22px}.e-con-inner>.elementor-widget-spacer.elementor-widget-empty .elementor-widget-empty-icon,.e-con>.elementor-widget-spacer.elementor-widget-empty .elementor-widget-empty-icon{position:absolute;top:0;bottom:0;left:0;right:0;margin:auto;padding:0;width:22px;height:22px}<\/style>\t\t<div class=\"elementor-spacer\">\n\t\t\t<div class=\"elementor-spacer-inner\"><\/div>\n\t\t<\/div>\n\t\t\t\t<\/div>\n\t\t\t\t<\/div>\n\t\t\t\t\t<\/div>\n\t\t\t\t<\/div>\n\t\t<div class=\"elementor-element elementor-element-94b1e5f e-flex e-con-boxed e-con e-parent\" data-id=\"94b1e5f\" data-element_type=\"container\" data-core-v316-plus=\"true\">\n\t\t\t\t\t<div class=\"e-con-inner\">\n\t\t<div class=\"elementor-element elementor-element-6363d17 e-con-full e-flex e-con e-child\" data-id=\"6363d17\" data-element_type=\"container\">\n\t\t\t\t<div class=\"elementor-element elementor-element-efa5123 elementor-position-top elementor-widget elementor-widget-image-box\" data-id=\"efa5123\" data-element_type=\"widget\" data-widget_type=\"image-box.default\">\n\t\t\t\t<div class=\"elementor-widget-container\">\n\t\t\t<div class=\"elementor-image-box-wrapper\"><figure class=\"elementor-image-box-img\"><img decoding=\"async\" width=\"1280\" height=\"800\" src=\"https:\/\/myjdotaciones.com\/wp-content\/uploads\/2024\/03\/Prototipo-web-MYJ-4.png\" class=\"attachment-full size-full wp-image-183\" alt=\"\" srcset=\"https:\/\/myjdotaciones.com\/wp-content\/uploads\/2024\/03\/Prototipo-web-MYJ-4.png 1280w, https:\/\/myjdotaciones.com\/wp-content\/uploads\/2024\/03\/Prototipo-web-MYJ-4-300x188.png 300w, https:\/\/myjdotaciones.com\/wp-content\/uploads\/2024\/03\/Prototipo-web-MYJ-4-1024x640.png 1024w\" sizes=\"(max-width: 1280px) 100vw, 1280px\" \/><\/figure><div class=\"elementor-image-box-content\"><h3 class=\"elementor-image-box-title\">Suministros de papeleria<\/h3><p class=\"elementor-image-box-description\">Exploramos un servicio especializado en suministro de papeler\u00eda, proporcionando una amplia gama de productos de alta calidad para tu oficina.\n\nDesde material de escritura hasta carpetas organizativas, nos comprometemos a abastecer tus necesidades de papeler\u00eda con eficiencia y fiabilidad, contribuyendo al \u00f3ptimo funcionamiento de tu espacio de trabajo.<\/p><\/div><\/div>\t\t<\/div>\n\t\t\t\t<\/div>\n\t\t\t\t<\/div>\n\t\t<div class=\"elementor-element elementor-element-3948096 e-con-full e-flex e-con e-child\" data-id=\"3948096\" data-element_type=\"container\">\n\t\t\t\t<div class=\"elementor-element elementor-element-a94be8f elementor-position-top elementor-widget elementor-widget-image-box\" data-id=\"a94be8f\" data-element_type=\"widget\" data-widget_type=\"image-box.default\">\n\t\t\t\t<div class=\"elementor-widget-container\">\n\t\t\t<div class=\"elementor-image-box-wrapper\"><figure class=\"elementor-image-box-img\"><img loading=\"lazy\" decoding=\"async\" width=\"1280\" height=\"800\" src=\"https:\/\/myjdotaciones.com\/wp-content\/uploads\/2024\/03\/Prototipo-web-MYJ-5.png\" class=\"attachment-full size-full wp-image-184\" alt=\"\" srcset=\"https:\/\/myjdotaciones.com\/wp-content\/uploads\/2024\/03\/Prototipo-web-MYJ-5.png 1280w, https:\/\/myjdotaciones.com\/wp-content\/uploads\/2024\/03\/Prototipo-web-MYJ-5-300x188.png 300w, https:\/\/myjdotaciones.com\/wp-content\/uploads\/2024\/03\/Prototipo-web-MYJ-5-1024x640.png 1024w\" sizes=\"(max-width: 1280px) 100vw, 1280px\" \/><\/figure><div class=\"elementor-image-box-content\"><h3 class=\"elementor-image-box-title\">Material Did\u00e1ctico Escolar<\/h3><p class=\"elementor-image-box-description\">Libros, juegos educativos, material de arte\ny m\u00e1s para enriquecer el aprendizaje en\nentornos escolares y educativos.<\/p><\/div><\/div>\t\t<\/div>\n\t\t\t\t<\/div>\n\t\t\t\t<\/div>\n\t\t\t\t\t<\/div>\n\t\t\t\t<\/div>\n\t\t<div class=\"elementor-element elementor-element-9fc4aa7 e-flex e-con-boxed e-con e-parent\" data-id=\"9fc4aa7\" data-element_type=\"container\" data-core-v316-plus=\"true\">\n\t\t\t\t\t<div class=\"e-con-inner\">\n\t\t\t\t<div class=\"elementor-element elementor-element-35edcd2 elementor-arrows-position-inside elementor-pagination-position-outside elementor-widget elementor-widget-image-carousel\" data-id=\"35edcd2\" data-element_type=\"widget\" data-settings=\"{&quot;slides_to_show&quot;:&quot;1&quot;,&quot;navigation&quot;:&quot;both&quot;,&quot;autoplay&quot;:&quot;yes&quot;,&quot;pause_on_hover&quot;:&quot;yes&quot;,&quot;pause_on_interaction&quot;:&quot;yes&quot;,&quot;autoplay_speed&quot;:5000,&quot;infinite&quot;:&quot;yes&quot;,&quot;effect&quot;:&quot;slide&quot;,&quot;speed&quot;:500}\" data-widget_type=\"image-carousel.default\">\n\t\t\t\t<div class=\"elementor-widget-container\">\n\t\t\t<style>\/*! elementor - v3.20.0 - 13-03-2024 *\/\n.elementor-widget-image-carousel .swiper,.elementor-widget-image-carousel .swiper-container{position:static}.elementor-widget-image-carousel .swiper-container .swiper-slide figure,.elementor-widget-image-carousel .swiper .swiper-slide figure{line-height:inherit}.elementor-widget-image-carousel .swiper-slide{text-align:center}.elementor-image-carousel-wrapper:not(.swiper-container-initialized):not(.swiper-initialized) .swiper-slide{max-width:calc(100% \/ var(--e-image-carousel-slides-to-show, 3))}<\/style>\t\t<div class=\"elementor-image-carousel-wrapper swiper\" dir=\"ltr\">\n\t\t\t<div class=\"elementor-image-carousel swiper-wrapper\" aria-live=\"off\">\n\t\t\t\t\t\t\t\t<div class=\"swiper-slide\" role=\"group\" aria-roledescription=\"slide\" aria-label=\"1 de 4\"><figure class=\"swiper-slide-inner\"><img decoding=\"async\" class=\"swiper-slide-image\" src=\"https:\/\/myjdotaciones.com\/wp-content\/uploads\/2024\/03\/Articulos-de-Aseo-4-1024x576.png\" alt=\"Articulos de Aseo (4)\" \/><\/figure><\/div><div class=\"swiper-slide\" role=\"group\" aria-roledescription=\"slide\" aria-label=\"2 de 4\"><figure class=\"swiper-slide-inner\"><img decoding=\"async\" class=\"swiper-slide-image\" src=\"https:\/\/myjdotaciones.com\/wp-content\/uploads\/2024\/03\/Articulos-de-Aseo-2-1-1024x576.png\" alt=\"Articulos de Aseo (2) (1)\" \/><\/figure><\/div><div class=\"swiper-slide\" role=\"group\" aria-roledescription=\"slide\" aria-label=\"3 de 4\"><figure class=\"swiper-slide-inner\"><img decoding=\"async\" class=\"swiper-slide-image\" src=\"https:\/\/myjdotaciones.com\/wp-content\/uploads\/2024\/03\/Articulos-de-Aseo-3-1024x576.png\" alt=\"Articulos de Aseo (3)\" \/><\/figure><\/div><div class=\"swiper-slide\" role=\"group\" aria-roledescription=\"slide\" aria-label=\"4 de 4\"><figure class=\"swiper-slide-inner\"><img decoding=\"async\" class=\"swiper-slide-image\" src=\"https:\/\/myjdotaciones.com\/wp-content\/uploads\/2024\/03\/Articulos-de-Aseo-1-1024x576.png\" alt=\"Articulos de Aseo (1)\" \/><\/figure><\/div>\t\t\t<\/div>\n\t\t\t\t\t\t\t\t\t\t\t\t<div class=\"elementor-swiper-button elementor-swiper-button-prev\" role=\"button\" tabindex=\"0\">\n\t\t\t\t\t\t<svg aria-hidden=\"true\" class=\"e-font-icon-svg e-eicon-chevron-left\" viewBox=\"0 0 1000 1000\" xmlns=\"http:\/\/www.w3.org\/2000\/svg\"><path d=\"M646 125C629 125 613 133 604 142L308 442C296 454 292 471 292 487 292 504 296 521 308 533L604 854C617 867 629 875 646 875 663 875 679 871 692 858 704 846 713 829 713 812 713 796 708 779 692 767L438 487 692 225C700 217 708 204 708 187 708 171 704 154 692 142 675 129 663 125 646 125Z\"><\/path><\/svg>\t\t\t\t\t<\/div>\n\t\t\t\t\t<div class=\"elementor-swiper-button elementor-swiper-button-next\" role=\"button\" tabindex=\"0\">\n\t\t\t\t\t\t<svg aria-hidden=\"true\" class=\"e-font-icon-svg e-eicon-chevron-right\" viewBox=\"0 0 1000 1000\" xmlns=\"http:\/\/www.w3.org\/2000\/svg\"><path d=\"M696 533C708 521 713 504 713 487 713 471 708 454 696 446L400 146C388 133 375 125 354 125 338 125 325 129 313 142 300 154 292 171 292 187 292 204 296 221 308 233L563 492 304 771C292 783 288 800 288 817 288 833 296 850 308 863 321 871 338 875 354 875 371 875 388 867 400 854L696 533Z\"><\/path><\/svg>\t\t\t\t\t<\/div>\n\t\t\t\t\n\t\t\t\t\t\t\t\t\t<div class=\"swiper-pagination\"><\/div>\n\t\t\t\t\t\t\t\t\t<\/div>\n\t\t\t\t<\/div>\n\t\t\t\t<\/div>\n\t\t\t\t\t<\/div>\n\t\t\t\t<\/div>\n\t\t\t\t<\/div>\n\t\t","protected":false},"excerpt":{"rendered":"<p>Suministros de aseo Lorem fistrum por la gloria de mi madre esse jarl aliqua llevame al sircoo. De la pradera ullamco qu\u00e9 dise usteer est\u00e1 la cosa muy malar. Seguridad Industrial Protege a tu equipo con nuestra amplia selecci\u00f3n de equipos y prendas de seguridad certificados para garantizar un entorno laboral seguro y protegido. Suministros &hellip; <\/p>\n<p class=\"link-more\"><a href=\"https:\/\/myjdotaciones.com\/index.php\/servicios\/\" class=\"more-link\">Leer m\u00e1s<span class=\"screen-reader-text\"> \u00abServicios\u00bb<\/span><\/a><\/p>\n","protected":false},"author":1,"featured_media":0,"parent":0,"menu_order":0,"comment_status":"closed","ping_status":"closed","template":"elementor_header_footer","meta":{"footnotes":""},"class_list":["post-18","page","type-page","status-publish","hentry"],"_links":{"self":[{"href":"https:\/\/myjdotaciones.com\/index.php\/wp-json\/wp\/v2\/pages\/18","targetHints":{"allow":["GET"]}}],"collection":[{"href":"https:\/\/myjdotaciones.com\/index.php\/wp-json\/wp\/v2\/pages"}],"about":[{"href":"https:\/\/myjdotaciones.com\/index.php\/wp-json\/wp\/v2\/types\/page"}],"author":[{"embeddable":true,"href":"https:\/\/myjdotaciones.com\/index.php\/wp-json\/wp\/v2\/users\/1"}],"replies":[{"embeddable":true,"href":"https:\/\/myjdotaciones.com\/index.php\/wp-json\/wp\/v2\/comments?post=18"}],"version-history":[{"count":22,"href":"https:\/\/myjdotaciones.com\/index.php\/wp-json\/wp\/v2\/pages\/18\/revisions"}],"predecessor-version":[{"id":191,"href":"https:\/\/myjdotaciones.com\/index.php\/wp-json\/wp\/v2\/pages\/18\/revisions\/191"}],"wp:attachment":[{"href":"https:\/\/myjdotaciones.com\/index.php\/wp-json\/wp\/v2\/media?parent=18"}],"curies":[{"name":"wp","href":"https:\/\/api.w.org\/{rel}","templated":true}]}}